13
What are the prime factors of 28076064?
2, 3, 292459
List the prime factors of 268028272.
2, 16751767
What are the prime factors of 1002182079?
3, 17, 109, 180281
What are the prime factors of 40021149?
3, 7, 101, 18869
List the prime factors of 325129861.
7, 46447123
What are the prime factors of 1535336279?
1535336279
List the prime factors of 88695920.
2, 5, 29, 38231
What are the prime factors of 35955816?
2, 3, 13, 17, 6779
What are the prime factors of 277197775?
5, 47, 269, 877
What are the prime factors of 44034044?
2, 11008511
List the prime factors of 216648482.
2, 1613, 67157
What are the prime factors of 260202489?
3, 389, 222967
List the prime factors of 307502092.
2, 4673, 16451
List the prime factors of 37550272.
2, 586723
List the prime factors of 802721684.
2, 200680421
List the prime factors of 581998477.
29, 113, 177601
What are the prime factors of 37324150?
2, 5, 746483
What are the prime factors of 624858603?
3, 131, 907, 1753
What are the prime factors of 955298?
2, 17, 28097
List the prime factors of 56150935.
5, 23, 41, 11909
List the prime factors of 25715557.
7, 3673651
What are the prime factors of 521698038?
2, 3, 86949673
List the prime factors of 2717817505.
5, 13, 29, 683, 2111
What are the prime factors of 79649204?
2, 19912301
What are the prime factors of 19980792?
2, 3, 13, 21347
List the prime factors of 6836953392.
2, 3, 5275427
What are the prime factors of 1341555879?
3, 37, 1759, 6871
List the prime factors of 738188924.
2, 11, 37, 173, 2621
List the prime factors of 42336961.
42336961
List the prime factors of 1623782966.
2, 13, 5857, 10663
List the prime factors of 295602373.
11, 107, 251149
What are the prime factors of 76633343?
76633343
List the prime factors of 1466254553.
1279, 1146407
What are the prime factors of 722418430?
2, 5, 383, 188621
List the prime factors of 730430131.
730430131
List the prime factors of 1369849244.
2, 4861, 70451
What are the prime factors of 12172246?
2, 6086123
What are the prime factors of 2242989510?
2, 3, 5, 83, 10853
What are the prime factors of 27253170?
2, 3, 5, 7, 181, 239
What are the prime factors of 81816645?
3, 5, 149, 36607
List the prime factors of 53611606.
2, 26805803
What are the prime factors of 134363066?
2, 6977, 9629
List the prime factors of 288910580.
2, 5, 7, 17, 19, 6389
What are the prime factors of 3821741010?
2, 3, 5, 42463789
List the prime factors of 3659545546.
2, 1829772773
What are the prime factors of 83781692?
2, 503, 41641
What are the prime factors of 274323916?
2, 7717, 8887
What are the prime factors of 91036402?
2, 73, 623537
What are the prime factors of 24665548?
2, 97, 151, 421
List the prime factors of 1534404927.
3, 11, 71, 654889
List the prime factors of 3539155.
5, 707831
List the prime factors of 12515032.
2, 1564379
List the prime factors of 1705524207.
3, 2741, 207409
What are the prime factors of 844464244?
2, 13, 83, 195659
What are the prime factors of 65956202?
2, 13, 463, 5479
What are the prime factors of 2652046247?
281, 2557, 3691
List the prime factors of 73518015.
3, 5, 71, 69031
List the prime factors of 65056568.
2, 787, 10333
List the prime factors of 1885310158.
2, 17659, 53381
What are the prime factors of 368161615?
5, 73632323
List the prime factors of 43115021.
5813, 7417
List the prime factors of 96348283.
96348283
What are the prime factors of 566308044?
2, 3, 5243593
List the prime factors of 348470975.
5, 73, 79, 2417
List the prime factors of 1927149292.
2, 37, 271, 48049
List the prime factors of 151354485.
3, 5, 17, 53, 3733
List the prime factors of 979960285.
5, 5807, 33751
What are the prime factors of 36115978?
2, 18057989
List the prime factors of 173259388.
2, 4397, 9851
What are the prime factors of 3639515336?
2, 454939417
List the prime factors of 200767298.
2, 100383649
What are the prime factors of 111310551?
3, 11, 374783
What are the prime factors of 919185?
3, 5, 233, 263
List the prime factors of 88834307.
53, 103, 16273
List the prime factors of 52581871.
641, 82031
List the prime factors of 145693925.
5, 13, 61, 7349
What are the prime factors of 217766230?
2, 5, 11, 71, 27883
List the prime factors of 1173905622.
2, 3, 71, 102061
What are the prime factors of 54449451?
3, 7, 864277
List the prime factors of 620271414.
2, 3, 7, 1019, 4831
What are the prime factors of 253415665?
5, 50683133
List the prime factors of 49848504.
2, 3, 2077021
List the prime factors of 2057342340.
2, 3, 5, 53, 593, 1091
What are the prime factors of 430882783?
29, 14858027
What are the prime factors of 25442498?
2, 43, 295843
What are the prime factors of 66299515?
5, 67, 197909
What are the prime factors of 4709211?
3, 13, 120749
List the prime factors of 16009732.
2, 631, 6343
List the prime factors of 1220356177.
59, 193, 107171
What are the prime factors of 701742060?
2, 3, 5, 41, 95087
List the prime factors of 56743309.
7, 59, 137393
What are the prime factors of 53566589?
71, 137, 5507
What are the prime factors of 50108767?
37, 1354291
List the prime factors of 319271330.
2, 5, 7, 113, 181, 223
What are the prime factors of 243028773?
3, 13, 311, 6679
What are the prime factors of 463950289?
11, 37, 683, 1669
List the prime factors of 1296708015.
3, 5, 86447201
List the prime factors of 46850651.
211, 222041
List the prime factors of 29579647.
29579647
What are the prime factors of 152838959?
7, 13, 17, 31, 3187
List the prime factors of 65937064.
2, 647, 12739
List the prime factors of 755200613.
683, 1105711
What are the prime factors of 681203900?
2, 5, 13, 47, 11149
What are the prime factors of 4579574902?
2, 7, 19, 17216447
What are the prime factors of 2405541264?
2, 3, 7, 7159349
What are the prime factors of 4696382?
2, 19, 73, 1693
List the prime factors of 453701946.
2, 3, 75616991
List the prime factors of 631422432.
2, 3, 17, 42989
List the prime factors of 18250246.
2, 7, 186227
List the prime factors of 1221705330.
2, 3, 5, 29, 59, 23801
List the prime factors of 142592971.
29, 47, 233, 449
What are the prime factors of 217909843?
23, 9474341
What are the prime factors of 112075803?
3, 7, 23, 77347
List the prime factors of 110876734.
2, 89, 307, 2029
What are the prime factors of 226715413?
83, 2731511
What are the prime factors of 122555622?
2, 3, 7, 101, 167, 173
List the prime factors of 373886798.
2, 281, 665279
What are the prime factors of 130038065?
5, 59, 440807
List the prime factors of 229259435.
5, 45851887
List the prime factors of 314435974.
2, 157217987
List the prime factors of 73398500.
2, 5, 7, 67, 313
What are the prime factors of 551483229?
3, 11, 16711613
What are the prime factors of 105498839?
29, 3637891
What are the prime factors of 727149719?
41, 3853, 4603
List the prime factors of 4826983582.
2, 79, 30550529
What are the prime factors of 1803328534?
2, 7, 137, 389, 2417
What are the prime factors of 6366043503?
3, 235779389
List the prime factors of 4028959233.
3, 13, 34435549
What are the prime factors of 114940227?
3, 38313409
What are the prime factors of 86179375?
5, 17, 8111
What are the prime factors of 726415425?
3, 5, 1076171
What are the prime factors of 895358422?
2, 7, 71, 900763
What are the prime factors of 1088064114?
2, 3, 181344019
What are the prime factors of 192671612?
2, 7, 47, 146407
List the prime factors of 435062994.
2, 3, 72510499
What are the prime factors of 932291137?
569, 1638473
List the prime factors of 313976800.
2, 5, 269, 1459
List the prime factors of 1745794359.
3, 193977151
List the prime factors of 683000462.
2, 341500231
List the prime factors of 376902756.
2, 3, 10469521
List the prime factors of 16404715.
5, 41, 43, 1861
List the prime factors of 58997122.
2, 109, 277, 977
What are the prime factors of 318866043?
3, 23, 1051, 4397
What are the prime factors of 215195298?
2, 3, 35865883
List the prime factors of 17516777.
23, 33113
List the prime factors of 49394068.
2, 12348517
List the prime factors of 51836562.
2, 3, 1697
List the prime factors of 452305280.
2, 5, 7, 14423
What are the prime factors of 195198451?
7, 167, 166979
What are the prime factors of 4628269553?
23, 6983, 28817
List the prime factors of 309618320.
2, 5, 11, 193, 1823
What are the prime factors of 758938802?
2, 107, 653, 5